s digit of r?
3
Let s be (10/1)/(6/9). What is the units digit of 6/(-4)*(-50)/s?
5
Suppose 0 = -3*s + 3*m + 381, -2*s = -0*s + 5*m - 282. What is the hundreds digit of s?
1
Let k(t) = t + 6 + 3 - 3 - 2. What is the units digit of k(0)?
4
Let q(r) = -2*r**3 - 6*r**2 - 2*r - 2. What is the tens digit of q(-4)?
3
Let t(w) = w - 2. Let k be t(5). Let c be (8/(-6))/(2/(-6)). Suppose 0 = -7*q + k*q + c. What is the units digit of q?
1
Let d(s) = -s**3 + 2*s**2 - 4. Let f be d(0). Let m(w) = w**2 + 2*w + 3. What is the tens digit of m(f)?
1
Let v be (-14)/(-1) + (-1 - 0). Suppose -4*q + 41 = v. What is the units digit of q?
7
What is the hundreds digit of (0 - 10)/(44/23 - 2)?
1
Suppose -s + 3*w - w - 2 = 0, 3*s - 3*w + 6 = 0. Let m = 0 - s. Let x = m - 0. What is the units digit of x?
2
Let i(l) = -l**2 - 9*l - 4. Let m be i(-8). Suppose -4 = -m*s - 0*s. Suppose 0 = -3*p + 2 + s. What is the units digit of p?
1
Suppose 2*l = 5*d + 178 + 147, -3*l + 474 = -3*d. What is the tens digit of l?
5
Let t(x) = 18*x**2 - x + 18*x**2 + 7*x**2 - 6*x**2. What is the tens digit of t(-1)?
3
Suppose 172 = -5*c - 2*t, 2*c = -3*t - 78 + 18. Let r = -22 - c. What is the units digit of r?
4
Let f(p) = 8*p**2 - 2*p + 1. What is the units digit of f(1)?
7
Suppose -f = -3*f + 5*g + 20, -f - 5*g + 25 = 0. Let l = 22 - f. What is the units digit of l?
7
Suppose 0 = 5*z + 36 - 421. What is the units digit of z?
7
Suppose 0 = -2*k - 3*k + 50. Suppose -4*a = -4 - 4. Suppose k = -c + a*c. What is the tens digit of c?
1
Let p = 133 - 15. What is the hundreds digit of p?
1
What is the units digit of 91 - (-3 + 1 - -3)*-3?
4
Suppose 0*d - 62 = -5*j + 3*d, -4*j + 20 = 5*d. Suppose m + 4 = 3*m. Suppose -m*t - 2 = i - j, 14 = -3*t + 5*i. What is the units digit of t?
2
Suppose -2 = 2*k, -5*d - k + 5*k = 1. What is the units digit of (-1)/(d - (-3)/6)?
2
Let r = -7 + 13. Let a be -4*(-1 - r/(-4)). Let i = 3 + a. What is the units digit of i?
1
Let r = 366 - 216. Suppose j + r = 4*j. What is the tens digit of j?
5
Let u be ((-21)/(-5))/(8/(-40)). What is the units digit of (-308)/u + (-2)/3?
4
Suppose -3*y + 193 + 95 = 0. Suppose -3*k + y = -3*z, -2 = k + 5*z - 4. What is the units digit of k?
7
Suppose 0 = s - 0*s - 5. Suppose -45 = -s*h + 35. What is the units digit of h?
6
Let w(z) = 2*z**3 - 3*z**2 + z. Let q be w(2). Suppose 0 = -2*c + 3*p - q, 5*c + 18 - 3 = 4*p. What is the tens digit of ((-9)/4)/(c/24)?
1
Suppose -11 = 4*k + 5. What is the tens digit of (464/(-40))/(k/10)?
2
Let i(x) = -49*x - 1. Let y be i(1). Let q = -28 - y. What is the tens digit of q?
2
Let h = 7 + -6. Let b be h/(-5) + (-171)/(-5). Suppose 0 = -5*o - f + b, -1 = -5*o + f + 35. What is the units digit of o?
7
Let h(j) = 3*j**2 + 8*j - 1. Let x be h(-6). Suppose 3*l + 4*u - 38 = 0, -2*u = 3*l - x + 25. Let a = 19 - l. What is the units digit of a?
9
Let f(g) = g**3 - 10*g**2 + 15*g - 20. What is the tens digit of f(9)?
3
Suppose 4*f - 2*f = 50. What is the tens digit of f?
2
Suppose -4*k = f - 52, 6 + 2 = 2*k + 5*f. What is the tens digit of k?
1
Let a be (64/6)/((-1)/3). Let h = a + 16. Let t = -9 - h. What is the units digit of t?
7
What is the units digit of (-11)/((-55)/(-20)) - 526/(-2)?
9
Suppose -2*v - 2 = 4*s - 0, 0 = 3*s - 4*v - 15. Let o = -6 + 4. What is the units digit of 26*s/o*-1?
3
Let n(r) = 2*r - r + 5 - r - 2*r. What is the tens digit of n(-5)?
1
Let q be (-45)/36 + 6/(-8). Suppose 0*b = -5*b - 3*h + 15, 2*b + 5*h = -13. Let g = q + b. What is the units digit of g?
4
Let h = -7 - -6. Let o = h + 4. What is the units digit of o?
3
Let q(h) = h**2 - h + 1. Let d be q(2). Suppose -d*c + t = 6*t + 26, 56 = -4*c + 4*t. Let m = c + 21. What is the units digit of m?
9
Let f = 146 - 37. What is the units digit of f?
9
Let n be (0 - (-20)/(-4)) + 3. What is the units digit of 24/(-10)*20/n?
4
Suppose 4*r - 937 = -3*g, 3*r - 3*g + 508 - 1216 = 0. What is the tens digit of r?
3
Suppose -3*i + 8*i = 20. Suppose 12 = -0*t + i*t. Suppose -t*j + 2*j + 6 = 0. What is the units digit of j?
6
Let g(r) = r - 1. Let y(q) = 20*q - 15. Let i(l) = 30*g(l) - 2*y(l). What is the tens digit of i(-1)?
1
Suppose 2*s - a - 25 = 4*s, -5 = 5*a. Let j = -9 - s. Suppose -j*l + 50 = 2*l. What is the tens digit of l?
1
Let f(j) = 3*j**3 - 11*j**2 + 20*j + 12. Let y(d) = d**3 - 4*d**2 + 7*d + 4. Let l(k) = -6*f(k) + 17*y(k). What is the units digit of l(-3)?
8
Suppose -5*u - 2*g + 20 = 0, -u = 3*g + g - 22. What is the units digit of 1/u + 8/16?
1
Suppose 3*m = -2*m. Suppose -4*x + 8 + 0 = m. What is the units digit of x?
2
Let m(j) = -j**2 + 10*j - 2. Let g be 38 + (-3 - (2 - 2)). Suppose -3*w = 5*h - 49, -w - 4*w + h + g = 0. What is the units digit of m(w)?
4
Let n(u) be the first derivative of u**4 - u**3/3 - u**2 + 3*u + 1. What is the tens digit of n(2)?
2
Let x = -5 + 23. What is the units digit of (-62)/x*-3*3?
1
Let c = -1 + 69. Suppose 82 = 5*u - 4*q - 14, -4*u + c = -q. What is the tens digit of u?
1
Suppose 2*h = 5*h + t - 930, -2*t + 6 = 0. What is the tens digit of h?
0
Let s be -5 - (3/(-3) - 6). Suppose f = -2*k - 5, 5*k + 0*f = f - 2. Let c = s + k. What is the units digit of c?
1
Suppose 0 = k - 165 - 84. What is the tens digit of k?
4
Suppose 2*w + h = 3, 27 = 6*w - w - 4*h. Suppose -8*j - 55 = -w*j. What is the units digit of j/(-5) + (-3)/15?
2
Suppose 0 = 3*y - w - 5, -5*y = 5*w + 25. Suppose 10 - 22 = -4*x. Suppose y = d - x*z - 7, -3 = -d + 3*z - 2*z. What is the units digit of d?
1
Suppose 0 = -5*p + 14 + 1. Suppose p*u + 10 = -5*b, -2*b + 12 = -5*u + 3*u. What is the units digit of b?
1
Suppose 2*i - i = -4*m + 2, 58 = 5*i - 4*m. What is the units digit of i?
0
Let r = -91 - -55. Let n = -13 - r. What is the tens digit of n?
2
Let h(q) = 6*q**2 - 6*q + 2. What is the tens digit of h(2)?
1
Let v = 287 - 192. What is the tens digit of v?
9
Suppose 0 = -15*q + 23*q - 1848. What is the tens digit of q?
3
Let c(x) = x + 1. Let r(l) = -l - 9. Let y(o) = 5*c(o) + r(o). Let h be y(3). Let m(i) = i**2 - 6*i - 10. What is the units digit of m(h)?
6
Let w = -28 + 29. What is the units digit of w?
1
Let j be (6/3 - 4) + -10. Let g = j - -5. Let r(y) = -y**2 - 8*y - 5. What is the units digit of r(g)?
2
Suppose -15 + 1 = 2*s. Let k(n) = n**3 + 8*n**2 + 3*n - 7. What is the tens digit of k(s)?
2
Suppose 0 = 5*d - 10, 293 = v - 0*v + 2*d. What is the hundreds digit of v?
2
Let s(c) = -4*c**3 - 2*c**2 - 4*c - 3. What is the units digit of s(-2)?
9
Let w = 7 + 34. What is the units digit of w?
1
Suppose -b + 3*h + 63 = 0, -b - 64 = -2*b + 4*h. What is the tens digit of b?
6
Suppose 3*r = 5*r - 46. What is the units digit of r?
3
Let q = 56 - 1. What is the tens digit of q?
5
Let u = 47 - -99. What is the tens digit of u?
4
Let v = 10 + -7. Suppose v*i = -5*l + 135, 2*l - 34 = -4*i + 34. What is the units digit of l?
4
Let c = -15 - -31. Let z be c/(-10)*(-10)/4. What is the units digit of 2/(3/6*z)?
1
Let u(v) = 3*v**3 - 2*v**2 - 8*v + 6. What is the hundreds digit of u(4)?
1
Let s(u) = 2*u + 2. What is the units digit of s(1)?
4
Let f be (-2)/((-4)/(-5))*-2. Suppose 36 = f*u - 4*u. Suppose -3*n + l - 2*l = -25, 4*n - u = -4*l. What is the units digit of n?
8
Let b = 6 - 2. Suppose b - 2 = a. Suppose -5*n - 5*j + 30 = 0, n = j + a*j + 10. What is the units digit of n?
7
Suppose 5*b = 4*m - 25, 4 = 3*m - b - 1. Suppose m = -c - 2*t + 13, -c - 3*t + 86 = 4*c. What is the units digit of c?
9
Let g = 614 + -419. What is the units digit of g?
5
Let r = -72 - -111. What is the tens digit of r?
3
Suppose 3*a = 2*c - 11, 8 = a + 3*c - 3. Let u be 3*a + 7/1. Suppose 0 = 3*v - 9, -5*t + 56 = -u*v + 13. What is the tens digit of t?
1
Let s(a) = a**3 - 6*a**2 + 6*a - 5. Let q be s(5). Let z = 6 + -2. Let r = z - q. What is the units digit of r?
4
Let j = 228 - 92. What is the tens digit of j?
3
Suppose -6*d + 3*d = -12. Suppose d*p - 25 = -p. What is the units digit of p?
5
Let x be (-2)/(-1) - -14 - 0. Let h(g) = 7*g - 1. Let b be h(1). Suppose x = t + b. What is the tens digit of t?
1
Let d = 1 + 9. Let j = 2 + d. Let k = j - 6. What is the units digit of k?
6
Suppose -l + 6*l = 610. What is the tens digit of l?
2
Suppose 0 = 3*t + t - 3*c + 17, 16 = -2*t + 4*c. Let y = t + 26. What is the tens digit of y?
2
Let q(g) be